 digit of 7796?
9
What is the ten thousands digit of 55665?
5
What is the tens digit of 795?
9
What is the thousands digit of 3930?
3
What is the hundreds digit of 742?
7
What is the thousands digit of 44727?
4
What is the thousands digit of 2276?
2
What is the hundreds digit of 5197?
1
What is the thousands digit of 1009?
1
What is the tens digit of 50?
5
What is the hundreds digit of 1809?
8
What is the units digit of 32?
2
What is the units digit of 5468?
8
What is the tens digit of 109?
0
What is the units digit of 2948?
8
What is the thousands digit of 3476?
3
What is the units digit of 2377?
7
What is the tens digit of 5013?
1
What is the tens digit of 12493?
9
What is the hundreds digit of 5615?
6
What is the units digit of 3259?
9
What is the tens digit of 17323?
2
What is the ten thousands digit of 49932?
4
What is the thousands digit of 1044?
1
What is the tens digit of 47538?
3
What is the units digit of 27006?
6
What is the thousands digit of 4638?
4
What is the hundreds digit of 11891?
8
What is the tens digit of 12944?
4
What is the thousands digit of 1724?
1
What is the hundreds digit of 6682?
6
What is the hundreds digit of 306?
3
What is the ten thousands digit of 36184?
3
What is the units digit of 7778?
8
What is the units digit of 2685?
5
What is the ten thousands digit of 67028?
6
What is the hundreds digit of 7071?
0
What is the ten thousands digit of 14680?
1
What is the hundreds digit of 1542?
5
What is the units digit of 1080?
0
What is the hundreds digit of 298?
2
What is the tens digit of 1755?
5
What is the tens digit of 1430?
3
What is the tens digit of 515?
1
What is the hundreds digit of 3076?
0
What is the hundreds digit of 42062?
0
What is the units digit of 23379?
9
What is the hundreds digit of 326?
3
What is the tens digit of 12855?
5
What is the units digit of 782?
2
What is the units digit of 1753?
3
What is the tens digit of 6043?
4
What is the ten thousands digit of 26322?
2
What is the hundreds digit of 347?
3
What is the tens digit of 5914?
1
What is the units digit of 844?
4
What is the thousands digit of 50360?
0
What is the tens digit of 2978?
7
What is the thousands digit of 26834?
6
What is the hundreds digit of 17450?
4
What is the tens digit of 11065?
6
What is the units digit of 103465?
5
What is the tens digit of 187?
8
What is the tens digit of 159?
5
What is the thousands digit of 7578?
7
What is the hundreds digit of 2368?
3
What is the thousands digit of 30291?
0
What is the units digit of 987?
7
What is the units digit of 30206?
6
What is the units digit of 18767?
7
What is the units digit of 3457?
7
What is the thousands digit of 19408?
9
What is the hundreds digit of 111?
1
What is the hundreds digit of 3330?
3
What is the thousands digit of 22295?
2
What is the units digit of 2352?
2
What is the tens digit of 36434?
3
What is the hundreds digit of 962?
9
What is the tens digit of 7169?
6
What is the units digit of 2667?
7
What is the units digit of 84131?
1
What is the thousands digit of 2827?
2
What is the hundreds digit of 56083?
0
What is the tens digit of 26868?
6
What is the units digit of 25608?
8
What is the thousands digit of 5753?
5
What is the hundreds digit of 6173?
1
What is the hundreds digit of 1118?
1
What is the tens digit of 58959?
5
What is the tens digit of 25649?
4
What is the tens digit of 19907?
0
What is the tens digit of 672?
7
What is the tens digit of 324?
2
What is the tens digit of 2765?
6
What is the thousands digit of 4346?
4
What is the hundreds digit of 34214?
2
What is the thousands digit of 70236?
0
What is the tens digit of 3590?
9
What is the units digit of 6611?
1
What is the tens digit of 1440?
4
What is the hundreds digit of 3632?
6
What is the tens digit of 7706?
0
What is the units digit of 6280?
0
What is the ten thousands digit of 31847?
3
What is the hundreds digit of 11776?
7
What is the ten thousands digit of 20412?
2
What is the tens digit of 6379?
7
What is the hundreds digit of 97590?
5
What is the thousands digit of 38290?
8
What is the hundreds digit of 65689?
6
What is the ten thousands digit of 20019?
2
What is the units digit of 664?
4
What is the thousands digit of 65069?
5
What is the hundreds digit of 20050?
0
What is the hundreds digit of 308?
3
What is the units digit of 1623?
3
What is the hundreds digit of 2834?
8
What is the thousands digit of 62426?
2
What is the hundreds digit of 18560?
5
What is the tens digit of 43081?
8
What is the units digit of 15847?
7
What is the units digit of 18176?
6
What is the hundreds digit of 26728?
7
What is the thousands digit of 2817?
2
What is the units digit of 20201?
1
What is the hundreds digit of 1332?
3
What is the ten thousands digit of 12254?
1
What is the tens digit of 752?
5
What is the thousands digit of 3424?
3
What is the units digit of 6136?
6
What is the thousands digit of 2195?
2
What is the tens digit of 4568?
6
What is the hundreds digit of 115685?
6
What is the hundreds digit of 10049?
0
What is the hundreds digit of 260?
2
What is the hundreds digit of 50745?
7
What is the hundreds digit of 92630?
6
What is the units digit of 55908?
8
What is the tens digit of 10106?
0
What is the tens digit of 7290?
9
What is the tens digit of 302?
0
What is the thousands digit of 83950?
3
What is the tens digit of 5009?
0
What is the units digit of 892?
2
What is the units digit of 9111?
1
What is the ten thousands digit of 36344?
3
What is the units digit of 8477?
7
What is the units digit of 9757?
7
What is the tens digit of 1799?
9
What is the units digit of 1600?
0
What is the units digit of 43879?
9
What is the thousands digit of 53717?
3
What is the hundreds digit of 872?
8
What is the hundreds digit of 3325?
3
What is the ten thousands digit of 138315?
3
What is the units digit of 8908?
8
What is the tens digit of 636?
3
What is the thousands digit of 3054?
3
What is the thousands digit of 10100?
0
What is the units digit of 1764?
4
What is the thousands digit of 13285?
3
What is the units digit of 16219?
9
What is the units digit of 1329?
9
What is the hundreds digit of 390?
3
What is the thousands digit of 1308?
1
What is the thousands digit of 7115?
7
What is the thousands digit of 6172?
6
What is the hundreds digit of 3347?
3
What is the tens digit of 14409?
0
What is the tens digit of 3720?
2
What is the thousands digit of 26272?
6
What is the units digit of 2235?
5
What is the tens digit of 1449?
4
What is the thousands digit of 121738?
1
What is the thousands digit of 21848?
1
What is the units digit of 351?
1
What is the units digit of 6514?
4
What is the thousands digit of 4232?
4
What is the thousands digit of 19193?
9
What is the hundreds digit of 56137?
1
What is the units digit of 2949?
9
What is the units digit of 55114?
4
What is the hundreds digit of 39965?
9
What is the hundreds digit of 23604?
6
What is the hundreds digit of 8241?
2
What is the thousands digit of 40498?
0
What is the hundreds digit of 5455?
4
What is the tens digit of 8164?
6
What is the units digit of 10403?
3
What is the hundreds digit of 1002?
0
What is the tens digit of 552?
5
What is the hundreds digit of 3047?
0
What is the units digit of 6071?
1
What is the tens digit of 2857?
5
What is the hundreds digit of 272?
2
What is the thousands digit of 8286?
8
What is the units digit of 2360?
0
What is the thousands digit of 29366?
9
What is the hundreds digit of 3280?
2
What is the thousands digit of 11424?
1
What is the hundreds digit of 1875?
8
What is the units digit of 763?
3
What is the units digit of 521?
1
What is the units digit of 1669?
9
What is the thousands digit of 6909?
6
What is the tens digit of 818?
1
What is the hundreds digit of 9824?
8
What is the tens digit of 11448?
4
What is the hundreds digit of 179?
1
What is the tens digit of 565?
6
What is the units digit of 26?
6
What is the hundreds digit of 9627?
6
What is the units digit of 40946?
6
What is the units digit of 1235?
5
What is the hundreds digit of 4646?
6
What is the hundred thousands digit of 113322?
1
What is the tens digit of 6948?
4
What is the thousands digit of 1385?
1
What is the tens digit of 373?
7
What is the units digit of 9547?
7
What is the units digit of 4826?
6
What is the units digit of 19293